hat is -222 (base 6) in base 5?
-321
-2 (base 12) to base 6
-2
Convert 7 (base 13) to base 11.
7
51 (base 6) to base 15
21
128 (base 11) to base 2
10010111
-47 (base 11) to base 16
-33
Convert 5 (base 11) to base 7.
5
Convert 2 (base 6) to base 8.
2
Convert 143 (base 11) to base 13.
cc
Convert 422 (base 6) to base 14.
b4
Convert -1 (base 12) to base 6.
-1
What is -1 (base 16) in base 5?
-1
-26 (base 13) to base 14
-24
What is -110 (base 3) in base 13?
-c
Convert -51 (base 15) to base 12.
-64
What is 2 (base 11) in base 16?
2
Convert -453 (base 6) to base 7.
-342
What is 3 (base 9) in base 6?
3
Convert -1000 (base 2) to base 4.
-20
Convert -14 (base 5) to base 9.
-10
What is 1 (base 11) in base 15?
1
-18 (base 11) to base 15
-14
2 (base 15) to base 4
2
-78 (base 11) to base 4
-1111
16 (base 10) to base 13
13
Convert -12 (base 15) to base 12.
-15
Convert 11 (base 3) to base 16.
4
What is 10 (base 10) in base 2?
1010
What is 55 (base 7) in base 10?
40
Convert 133 (base 6) to base 16.
39
Convert 2 (base 11) to base 2.
10
Convert 12 (base 8) to base 12.
a
Convert 9 (base 13) to base 12.
9
-124 (base 12) to base 6
-444
Convert 4 (base 12) to base 2.
100
What is -3 (base 4) in base 12?
-3
What is -2212 (base 3) in base 4?
-1031
Convert 7a (base 15) to base 6.
311
Convert 0 (base 14) to base 8.
0
Convert 1 (base 11) to base 13.
1
What is 20 (base 4) in base 7?
11
21 (base 6) to base 5
23
Convert -2a (base 12) to base 5.
-114
Convert -2332 (base 4) to base 9.
-231
2 (base 5) to base 9
2
33 (base 5) to base 4
102
1 (base 14) to base 9
1
Convert -10 (base 15) to base 4.
-33
110000 (base 2) to base 12
40
Convert -9 (base 16) to base 8.
-11
a (base 13) to base 16
a
4 (base 5) to base 6
4
Convert 1 (base 16) to base 14.
1
-10 (base 6) to base 2
-110
What is -1 (base 6) in base 12?
-1
Convert 22 (base 5) to base 14.
c
4 (base 10) to base 15
4
What is -243 (base 8) in base 11?
-139
-3 (base 6) to base 4
-3
-20 (base 10) to base 13
-17
Convert 39 (base 14) to base 4.
303
Convert -58 (base 15) to base 10.
-83
What is -2 (base 16) in base 5?
-2
Convert -1 (base 15) to base 11.
-1
What is -8a (base 12) in base 5?
-411
Convert -330 (base 7) to base 5.
-1133
Convert 1120 (base 4) to base 10.
88
Convert -2 (base 16) to base 8.
-2
Convert -50 (base 6) to base 16.
-1e
What is -6 (base 13) in base 14?
-6
-14 (base 8) to base 6
-20
What is -101001011 (base 2) in base 12?
-237
Convert 2 (base 4) to base 11.
2
3 (base 4) to base 5
3
3 (base 6) to base 5
3
0 (base 11) to base 5
0
0 (base 7) to base 6
0
Convert -38 (base 13) to base 12.
-3b
5 (base 11) to base 13
5
-3 (base 6) to base 16
-3
-22 (base 7) to base 16
-10
What is 7f (base 16) in base 4?
1333
What is 1010 (base 3) in base 13?
24
312 (base 5) to base 6
214
d7 (base 14) to base 7
360
-8 (base 10) to base 4
-20
1 (base 14) to base 9
1
What is 11 (base 6) in base 16?
7
12 (base 6) to base 3
22
-325 (base 6) to base 11
-104
-43 (base 16) to base 14
-4b
What is -11 (base 3) in base 10?
-4
Convert 0 (base 6) to base 8.
0
7b (base 12) to base 15
65
22 (base 16) to base 7
46
What is -1 (base 16) in base 2?
-1
Convert -1111011 (base 2) to base 6.
-323
What is -6 (base 10) in base 6?
-10
What is 21 (base 5) in base 14?
b
What is -4a (base 15) in base 6?
-154
86 (base 11) to base 12
7a
What is -3 (base 5) in base 2?
-11
Convert 52 (base 12) to base 14.
46
Convert 112 (base 5) to base 10.
32
11 (base 13) to base 4
32
Convert -12 (base 4) to base 11.
-6
20 (base 4) to base 6
12
What is -3 (base 13) in base 3?
-10
12 (base 14) to base 5
31
Convert -221 (base 3) to base 12.
-21
Convert 2 (base 10) to base 8.
2
What is -1 (base 13) in base 11?
-1
-23 (base 15) to base 2
-100001
0 (base 5) to base 4
0
32 (base 8) to base 12
22
What is 21 (base 4) in base 13?
9
1b (base 14) to base 13
1c
What is 10 (base 3) in base 15?
3
Convert -3 (base 6) to base 2.
-11
Convert 255 (base 6) to base 5.
412
Convert 443 (base 8) to base 13.
195
Convert 110011 (base 2) to base 7.
102
What is 1 (base 7) in base 3?
1
-231 (base 6) to base 15
-61
What is 22 (base 12) in base 10?
26
What is 165 (base 12) in base 5?
1341
Convert 6 (base 16) to base 5.
11
-2b (base 14) to base 15
-29
Convert 0 (base 3) to base 14.
0
-1101 (base 2) to base 15
-d
-5 (base 14) to base 8
-5
Convert 4 (base 9) to base 15.
4
What is 48 (base 14) in base 6?
144
Convert 289 (base 10) to base 2.
100100001
11 (base 6) to base 16
7
Convert 0 (base 4) to base 15.
0
What is 2b (base 14) in base 5?
124
-1 (base 3) to base 6
-1
Convert 1 (base 7) to base 13.
1
-30 (base 9) to base 15
-1c
Convert -2 (base 8) to base 7.
-2
0 (base 16) to base 11
0
0 (base 11) to base 16
0
What is 28 (base 11) in base 4?
132
-1 (base 13) to base 2
-1
What is -15 (base 10) in base 11?
-14
Convert -9 (base 13) to base 9.
-10
0 (base 9) to base 5
0
-a (base 16) to base 15
-a
-4 (base 6) to base 12
-4
What is 5 (base 11) in base 15?
5
Convert -4 (base 11) to base 6.
-4
-11 (base 4) to base 13
-5
-1 (base 8) to base 10
-1
Convert 4 (base 15) to base 16.
4
What is 1120 (base 4) in base 11?
80
10 (base 7) to base 15
7
What is -11 (base 15) in base 8?
-20
Convert -2 (base 5) to base 16.
-2
What is d (base 14) in base 7?
16
Convert -2b (base 16) to base 6.
-111
Convert c (base 16) to base 9.
13
What is -1 (base 8) in base 3?
-1
Convert -f (base 16) to base 9.
-16
What is -ac (base 16) in base 12?
-124
What is ef (base 16) in base 6?
1035
Convert 10022 (base 3) to base 13.
6b
501 (base 6) to base 4
2311
Convert -51 (base 9) to base 2.
-101110
1 (base 4) to base 12
1
What is -12 (base 4) in base 3?
-20
-78 (base 14) to base 8
-152
1 (base 15) to base 8
1
Convert b8 (base 12) to base 16.
8c
What is 23 (base 16) in base 3?
1022
What is 10 (base 9) in base 13?
9
-10010 (base 2) to base 10
-18
Convert 1b (base 12) to base 7.
32
7 (base 10) to base 4
13
-2000 (base 4) to base 5
-1003
Convert -31 (base 10) to base 4.
-133
What is -505 (base 6) in base 2?
-10111001
2 (base 5) to base 12
2
Convert 34 (base 13) to base 15.
2d
What is 2 (base 13) in base 6?
2
Convert 5 (base 8) to base 12.
5
What is 14 (base 14) in base 6?
30
Convert 139 (base 10) to base 2.
10001011
0 (base 12) to base 10
0
Convert 1111 (base 3) to base 9.
44
Convert -6 (base 15) to base 5.
-11
What is 6a (base 14) in base 4?
1132
What is 413 (base 6) in base 3?
12200
Convert 8 (base 16) to base 7.
11
What is -35 (base 15) in base 7?
-101
What is 0 (base 7) in base 6?
0
Convert -10 (base 8) to base 15.
-8
What is -2 (base 4) in base 16?
-2
What is 32 (base 6) in base 5?
40
-10 (base 3) to base 11
-3
Convert 61 (base 14) to base 4.
1111
11 (base 8) to base 6
13
Convert 1a (base 12) to base 4.
112
What is 45 (base 7) in base 2?
100001
Convert 23 (base 13) to base 16.
1d
3 (base 4) to base 5
3
-10 (base 4) to base 7
-4
Convert 87 (base 9) to base 3.
2221
Convert -4 (base 15) to base 11.
-4
-10 (base 3) to base 15
-3
-5 (base 10) to base 6
-5
What is -2 (base 12) in base 14?
-2
Convert 2 (base 3) to base 9.
2
What is -c3 (base 16) in base 12?
-143
Convert 1022 (base 6) to base 15.
105
-69 (base 10) to base 13
-54
Convert 4 (base 11) to base 9.
4
Convert -9b (base 12) to base 14.
-87
What is -bb (base 12) in base 4?
-2033
What is -83 (base 13) in base 6?
-255
-10 (base 6) to base 5
-11
What is -9 (base 16) in base 11?
-9
-e7 (base 15) to base 14
-117
What is 4 (base 7) in base 2?
100
-2 (base 3) to base 9
-2
What is -3211 (base 4) in base 16?
-e5
-13 (base 4) to base 12
-7
What is 265 (base 8) in base 2?
10110101
Convert 2 (base 4) to base 12.
2
What is 10111011 (base 2) in base 15?
c7
-77 (base 14) to base 7
-210
Convert 100 (base 8) to base 6.
144
What is -46 (base 7) in base 8?
-42
What is 15 (base 6) in base 10?
11
Convert 102 (base 3) to base 15.
b
Convert 100 (base 5) to base 4.
121
Convert -10 (base 5) to base 4.
-11
-4 (base 14) to base 9
-4
What is -1 (base 3) in base 12?
-1
Convert -11 (base 7) to base 15.
-8
What is 3 (base 7) in base 13?
3
What is 24 (base 5) in base 8?
16
What is 3 (base 8) in base 13?
3
-1a (base 14) to base 9
-26
Convert -7 (base 10) to base 12.
-7
b8 (base 13) to base 15
a1
Convert -3 (base 10) to base 2.
-11
-210 (base 7) to base 8
-151
What is 0 (base 8) in base 4?
0
Convert -10 (base 2) to base 16.
-2
-12 (base 8) to base 1